6373
What are the prime factors of 1103?
1103
What are the prime factors of 4066?
2, 19, 107
List the prime factors of 425.
5, 17
List the prime factors of 1014.
2, 3, 13
List the prime factors of 1205.
5, 241
List the prime factors of 14395.
5, 2879
List the prime factors of 28145.
5, 13, 433
What are the prime factors of 22837?
41, 557
List the prime factors of 145536.
2, 3, 379
List the prime factors of 4519.
4519
List the prime factors of 686.
2, 7
List the prime factors of 1359.
3, 151
List the prime factors of 630.
2, 3, 5, 7
What are the prime factors of 12776?
2, 1597
List the prime factors of 72483.
3, 37, 653
What are the prime factors of 2700?
2, 3, 5
List the prime factors of 77380.
2, 5, 53, 73
List the prime factors of 2721.
3, 907
List the prime factors of 2111.
2111
What are the prime factors of 982?
2, 491
What are the prime factors of 8690?
2, 5, 11, 79
What are the prime factors of 323?
17, 19
What are the prime factors of 11726?
2, 11, 13, 41
List the prime factors of 14425.
5, 577
List the prime factors of 54584.
2, 6823
What are the prime factors of 1265?
5, 11, 23
List the prime factors of 89.
89
What are the prime factors of 2029?
2029
List the prime factors of 7545.
3, 5, 503
List the prime factors of 133921.
157, 853
What are the prime factors of 1982?
2, 991
List the prime factors of 1073.
29, 37
What are the prime factors of 554?
2, 277
List the prime factors of 3168.
2, 3, 11
List the prime factors of 7620.
2, 3, 5, 127
List the prime factors of 15443.
15443
What are the prime factors of 10005?
3, 5, 23, 29
List the prime factors of 13407.
3, 41, 109
List the prime factors of 1607.
1607
What are the prime factors of 406?
2, 7, 29
What are the prime factors of 461?
461
What are the prime factors of 825?
3, 5, 11
List the prime factors of 32806.
2, 47, 349
List the prime factors of 11117.
11117
What are the prime factors of 962?
2, 13, 37
List the prime factors of 73930.
2, 5, 7393
List the prime factors of 146.
2, 73
List the prime factors of 17813.
47, 379
List the prime factors of 57143.
57143
What are the prime factors of 5177?
31, 167
List the prime factors of 54980.
2, 5, 2749
What are the prime factors of 1357?
23, 59
List the prime factors of 62547.
3, 20849
What are the prime factors of 1180?
2, 5, 59
What are the prime factors of 717?
3, 239
What are the prime factors of 2677?
2677
What are the prime factors of 163695?
3, 5, 7, 1559
What are the prime factors of 30475?
5, 23, 53
List the prime factors of 7235.
5, 1447
What are the prime factors of 1405?
5, 281
List the prime factors of 23433.
3, 73, 107
List the prime factors of 22955.
5, 4591
List the prime factors of 204.
2, 3, 17
What are the prime factors of 13303?
53, 251
List the prime factors of 1377.
3, 17
List the prime factors of 49331.
49331
What are the prime factors of 15381?
3, 1709
What are the prime factors of 96758?
2, 101, 479
List the prime factors of 8564.
2, 2141
List the prime factors of 7869.
3, 43, 61
List the prime factors of 162793.
173, 941
What are the prime factors of 439?
439
What are the prime factors of 103866?
2, 3, 7, 2473
What are the prime factors of 755?
5, 151
List the prime factors of 25.
5
What are the prime factors of 23365?
5, 4673
List the prime factors of 34897.
34897
What are the prime factors of 16373?
7, 2339
List the prime factors of 2024.
2, 11, 23
What are the prime factors of 6280?
2, 5, 157
List the prime factors of 18302.
2, 9151
List the prime factors of 33298.
2, 16649
What are the prime factors of 1782?
2, 3, 11
What are the prime factors of 66786?
2, 3, 11131
List the prime factors of 10542.
2, 3, 7, 251
What are the prime factors of 9627?
3, 3209
List the prime factors of 10650.
2, 3, 5, 71
What are the prime factors of 17069?
13, 101
List the prime factors of 785.
5, 157
List the prime factors of 58876.
2, 41, 359
List the prime factors of 112453.
11, 10223
List the prime factors of 42540.
2, 3, 5, 709
What are the prime factors of 2665?
5, 13, 41
What are the prime factors of 1773?
3, 197
What are the prime factors of 15241?
15241
What are the prime factors of 21908?
2, 5477
List the prime factors of 635.
5, 127
List the prime factors of 8705.
5, 1741
What are the prime factors of 1590?
2, 3, 5, 53
What are the prime factors of 29254?
2, 14627
List the prime factors of 8056.
2, 19, 53
List the prime factors of 1176.
2, 3, 7
List the prime factors of 1881.
3, 11, 19
What are the prime factors of 2486?
2, 11, 113
List the prime factors of 3303.
3, 367
What are the prime factors of 10446?
2, 3, 1741
What are the prime factors of 2819?
2819
What are the prime factors of 5997?
3, 1999
List the prime factors of 57303.
3, 6367
List the prime factors of 70307.
167, 421
What are the prime factors of 2278?
2, 17, 67
What are the prime factors of 10636?
2, 2659
What are the prime factors of 3003?
3, 7, 11, 13
What are the prime factors of 97?
97
List the prime factors of 4085.
5, 19, 43
What are the prime factors of 90466?
2, 45233
List the prime factors of 69585.
3, 5, 4639
What are the prime factors of 6948?
2, 3, 193
What are the prime factors of 143673?
3, 83, 577
List the prime factors of 28034.
2, 107, 131
List the prime factors of 190.
2, 5, 19
What are the prime factors of 11369?
11369
List the prime factors of 1976.
2, 13, 19
What are the prime factors of 5464?
2, 683
What are the prime factors of 16093?
7, 11, 19
What are the prime factors of 2881?
43, 67
List the prime factors of 793.
13, 61
What are the prime factors of 252?
2, 3, 7
List the prime factors of 565.
5, 113
What are the prime factors of 1382?
2, 691
What are the prime factors of 11944?
2, 1493
What are the prime factors of 84520?
2, 5, 2113
List the prime factors of 2649.
3, 883
List the prime factors of 4902.
2, 3, 19, 43
List the prime factors of 14882.
2, 7, 1063
List the prime factors of 137473.
7, 41, 479
List the prime factors of 246.
2, 3, 41
List the prime factors of 61477.
13, 4729
List the prime factors of 153.
3, 17
What are the prime factors of 1965?
3, 5, 131
What are the prime factors of 51607?
51607
List the prime factors of 1042.
2, 521
List the prime factors of 1234.
2, 617
List the prime factors of 91997.
91997
What are the prime factors of 2417?
2417
What are the prime factors of 1552?
2, 97
What are the prime factors of 36060?
2, 3, 5, 601
List the prime factors of 1460.
2, 5, 73
What are the prime factors of 26930?
2, 5, 2693
List the prime factors of 7099.
31, 229
What are the prime factors of 258?
2, 3, 43
List the prime factors of 1820.
2, 5, 7, 13
What are the prime factors of 5719?
7, 19, 43
What are the prime factors of 2063?
2063
List the prime factors of 8440.
2, 5, 211
What are the prime factors of 88452?
2, 3, 7, 13
List the prime factors of 20698.
2, 79, 131
List the prime factors of 30498.
2, 3, 13, 17, 23
List the prime factors of 5150.
2, 5, 103
List the prime factors of 6817.
17, 401
List the prime factors of 32489.
53, 613
What are the prime factors of 11925?
3, 5, 53
What are the prime factors of 66342?
2, 3, 11057
What are the prime factors of 14381?
73, 197
List the prime factors of 1783.
1783
List the prime factors of 2734.
2, 1367
What are the prime factors of 5056?
2, 79
List the prime factors of 16487.
16487
List the prime factors of 810.
2, 3, 5
What are the prime factors of 757?
757
What are the prime factors of 5098?
2, 2549
What are the prime factors of 1173?
3, 17, 23
List the prime factors of 31434.
2, 3, 13, 31
What are the prime factors of 1666?
2, 7, 17
What are the prime factors of 10651?
10651
What are the prime factors of 23766?
2, 3, 17, 233
What are the prime factors of 2847?
3, 13, 73
What are the prime factors of 21085?
5, 4217
What are the prime factors of 2971?
2971
What are the prime factors of 9884?
2, 7, 353
List the prime factors of 54927.
3, 17, 359
List the prime factors of 56956.
2, 29, 491
What are the prime factors of 12649?
7, 13, 139
List the prime factors of 51208.
2, 37, 173
List the prime factors of 9011.
9011
List the prime factors of 5043.
3, 41
List the prime factors of 33.
3, 11
What are the prime factors of 3117?
3, 1039
What are the prime factors of 48699?
3, 7, 773
What are the prime factors of 4872?
2, 3, 7, 29
What are the prime factors of 2220?
